Calculate the highest common divisor of 76463706 and 66.
66
What is the greatest common factor of 50 and 22189550?
50
Calculate the highest common factor of 1539840 and 491520.
3840
Calculate the greatest common factor of 61464525 and 1425.
1425
What is the highest common divisor of 385345646 and 56?
14
What is the highest common factor of 8088 and 27906?
6
What is the highest common divisor of 975 and 31018?
13
What is the highest common divisor of 190 and 1151374?
2
What is the highest common divisor of 5523102 and 93?
3
Calculate the highest common divisor of 61203225 and 15.
15
Calculate the greatest common factor of 2844735 and 30.
15
Calculate the highest common divisor of 1639 and 9858436.
149
What is the greatest common divisor of 1469424 and 720912?
1104
What is the greatest common factor of 68012 and 6108588?
1388
Calculate the greatest common divisor of 25792 and 6116672.
1984
Calculate the highest common divisor of 23104 and 2282432.
1216
What is the greatest common factor of 12 and 30728148?
12
What is the highest common divisor of 545722 and 1421?
29
Calculate the highest common factor of 22176 and 331155.
99
Calculate the greatest common factor of 30258 and 118278.
18
What is the highest common factor of 11944734 and 3441?
93
What is the highest common factor of 2551155 and 1590?
795
Calculate the highest common factor of 2432949732 and 3492.
3492
What is the highest common factor of 34742 and 8944268?
1198
Calculate the greatest common factor of 2261148 and 72.
12
Calculate the highest common factor of 183638 and 61880.
182
What is the greatest common factor of 2034453788 and 4?
4
Calculate the highest common factor of 311 and 418251149.
311
What is the greatest common divisor of 118855578 and 6?
6
Calculate the greatest common divisor of 3843 and 1470588.
1281
Calculate the greatest common divisor of 10176 and 206376.
24
Calculate the highest common divisor of 44883 and 6849.
9
Calculate the highest common divisor of 87274098 and 72.
18
Calculate the highest common factor of 791745 and 30.
15
Calculate the greatest common divisor of 1215 and 22780710.
135
What is the greatest common factor of 4067 and 3184627?
83
Calculate the greatest common factor of 26 and 393126812.
26
What is the highest common divisor of 725 and 252653075?
725
Calculate the greatest common factor of 14410155 and 120.
15
Calculate the greatest common factor of 704 and 46244.
44
What is the greatest common divisor of 16352 and 101976?
56
Calculate the greatest common divisor of 198536 and 239391256.
8632
Calculate the highest common divisor of 23600988 and 36.
36
What is the highest common factor of 76 and 284069?
19
Calculate the greatest common factor of 8483153 and 476.
119
Calculate the highest common factor of 4150410 and 2640.
330
What is the greatest common factor of 10401 and 19?
1
What is the highest common factor of 429495 and 22544583?
7809
What is the highest common factor of 17912281 and 2462?
1231
What is the greatest common divisor of 16262 and 782825?
173
What is the highest common divisor of 875 and 542181125?
125
What is the greatest common divisor of 59537927 and 153?
17
Calculate the highest common divisor of 7110266 and 46.
46
What is the highest common divisor of 224813124 and 6?
6
Calculate the greatest common factor of 266114014 and 7538.
7538
What is the greatest common factor of 432064116 and 792?
396
Calculate the greatest common divisor of 63619 and 1331.
1
Calculate the highest common factor of 5310592 and 25088.
896
What is the highest common factor of 582613 and 11385299?
1679
What is the greatest common divisor of 3990750 and 50?
50
What is the highest common factor of 366 and 905118?
366
What is the greatest common factor of 2083673 and 1207?
17
Calculate the highest common divisor of 80792014 and 124.
62
Calculate the greatest common factor of 2176 and 7131653.
17
What is the highest common factor of 112 and 1236080?
16
Calculate the highest common divisor of 171311864 and 5892.
1964
Calculate the highest common divisor of 7 and 779433571.
7
Calculate the greatest common divisor of 759 and 1326567.
33
Calculate the highest common factor of 149592632 and 224.
56
What is the greatest common divisor of 525 and 692160?
105
Calculate the greatest common factor of 413697246 and 46794.
4254
What is the greatest common divisor of 3588 and 80054?
26
What is the greatest common factor of 1233 and 27202309?
137
Calculate the highest common divisor of 13958316 and 20124.
1548
What is the greatest common factor of 118174 and 220200?
734
Calculate the highest common divisor of 39006 and 1509414.
1182
What is the highest common divisor of 56891376 and 12798?
4266
What is the greatest common factor of 59 and 319826197?
59
Calculate the greatest common divisor of 3692 and 1468350.
26
What is the greatest common factor of 25671738 and 2526?
2526
What is the greatest common factor of 9779108 and 591932?
4892
What is the greatest common divisor of 1366842 and 942?
942
What is the highest common divisor of 70 and 58893884?
14
What is the highest common factor of 33180 and 1887060?
420
What is the greatest common divisor of 51177 and 6825?
21
What is the greatest common divisor of 5886 and 9427083?
327
Calculate the greatest common factor of 234 and 661622.
26
What is the greatest common factor of 9727071 and 639?
213
Calculate the highest common divisor of 12324 and 20124.
156
Calculate the highest common divisor of 2526 and 493336641.
1263
What is the greatest common divisor of 65 and 4638743?
1
Calculate the greatest common divisor of 3710 and 5586730.
530
Calculate the greatest common divisor of 3264 and 11466704.
272
Calculate the highest common divisor of 80200720 and 292.
292
Calculate the highest common divisor of 31 and 83400385.
31
What is the highest common divisor of 143249580 and 180?
180
Calculate the greatest common factor of 183 and 78981641.
61
What is the greatest common divisor of 6156 and 10647828?
2052
Calculate the highest common factor of 27359 and 49813.
109
Calculate the greatest common factor of 307100644 and 2468.
2468
Calculate the highest common factor of 116144 and 127673.
427
Calculate the highest common divisor of 34564464 and 7632.
144
Calculate the highest common factor of 13 and 229323939.
13
Calculate the greatest common divisor of 779766 and 766584.
1014
What is the greatest common factor of 62253 and 36590930?
6917
Calculate the highest common divisor of 28429500 and 1375.
1375
Calculate the greatest common divisor of 3507 and 609.
21
What is the highest common divisor of 9016 and 271705?
49
Calculate the greatest common divisor of 131013986 and 424.
106
Calculate the greatest common factor of 1302492 and 6150.
6
What is the highest common divisor of 50759742 and 2515?
503
Calculate the greatest common divisor of 14943394 and 1384.
346
Calculate the highest common factor of 1395 and 3095577.
9
What is the greatest common factor of 28922671 and 4265?
853
What is the highest common divisor of 272088 and 10413?
9
Calculate the greatest common divisor of 304 and 840890.
2
Calculate the greatest common divisor of 478044 and 2981.
271
What is the greatest common factor of 107208 and 638303031?
13401
Calculate the greatest common factor of 4558644 and 197380.
556
Calculate the greatest common factor of 373 and 26111119.
373
What is the highest common factor of 216717 and 4561021?
2491
Calculate the highest common factor of 298954 and 1794.
46
Calculate the greatest common factor of 4938211 and 25517.
1343
Calculate the greatest common divisor of 1147 and 639747.
31
Calculate the greatest common factor of 573650190 and 60.
30
What is the highest common divisor of 3086385 and 45?
15
What is the highest common factor of 36990 and 1602078?
822
What is the highest common divisor of 644108292 and 24?
12
Calculate the greatest common factor of 45869018 and 299.
13
What is the greatest common divisor of 1994 and 345314938?
1994
What is the greatest common factor of 16256160 and 3975?
795
What is the greatest common factor of 5443024 and 22018?
218
Calculate the greatest common factor of 7168 and 1311003904.
1792
Calculate the highest common divisor of 100 and 14204225.
25
What is the greatest common divisor of 182 an